me?
False
Is 15894607 composite?
False
Is 578343431 prime?
True
Is 353210687 prime?
False
Is 109023503 a composite number?
True
Is 1817351 a prime number?
False
Is 13413617 a prime number?
False
Is 3082735 a composite number?
True
Is 12089003 a prime number?
False
Is 12295011 a composite number?
True
Is 50006587 prime?
False
Is 2264027 prime?
True
Is 420488009 a composite number?
False
Is 2776723 prime?
False
Is 1260811 composite?
True
Is 515443 prime?
False
Is 17758397 a composite number?
False
Is 2330927 composite?
False
Is 96088739 a prime number?
True
Is 45039359 a composite number?
True
Is 365163 a composite number?
True
Is 64715894 prime?
False
Is 388198249 prime?
False
Is 17716597 prime?
True
Is 2496009 a composite number?
True
Is 6640967 a composite number?
False
Is 18718759 a composite number?
False
Is 56786803 a composite number?
False
Is 6575759 composite?
True
Is 445060979 prime?
False
Is 25052323 a prime number?
True
Is 8057362 a prime number?
False
Is 27061673 a composite number?
False
Is 8470487 prime?
True
Is 234067 prime?
True
Is 3569369 prime?
True
Is 3689573 composite?
False
Is 19883909 a prime number?
False
Is 51668207 composite?
False
Is 13191991 prime?
True
Is 179234573 composite?
True
Is 3145981 composite?
False
Is 1393219 a prime number?
True
Is 98246117 a composite number?
False
Is 153271631 a prime number?
True
Is 11570951 a composite number?
True
Is 7574891 prime?
True
Is 138799 a composite number?
False
Is 183139667 a composite number?
False
Is 65215946 composite?
True
Is 70659103 a prime number?
True
Is 24887257 prime?
False
Is 127579 prime?
True
Is 78922123 composite?
True
Is 135588737 a composite number?
True
Is 13609307 a prime number?
False
Is 8142131 a composite number?
False
Is 49094947 a composite number?
True
Is 700156253 a composite number?
False
Is 74241913 prime?
True
Is 50329 prime?
True
Is 590940802 composite?
True
Is 34610531 a composite number?
True
Is 813883 a prime number?
False
Is 398329979 prime?
True
Is 159191023 prime?
True
Is 652229 prime?
True
Is 479409937 composite?
False
Is 1655813 a prime number?
False
Is 1974701 a prime number?
True
Is 3743081 a composite number?
False
Is 634901 composite?
False
Is 154499099 a composite number?
False
Is 16635547 a composite number?
False
Is 100605707 a composite number?
False
Is 24227443 composite?
False
Is 318928957 prime?
True
Is 8342519 composite?
False
Is 165481229 a prime number?
True
Is 2492701 a composite number?
False
Is 20151074 composite?
True
Is 66403 composite?
False
Is 5288317 a prime number?
True
Is 11333459 composite?
True
Is 4244891 prime?
False
Is 18533821 a prime number?
True
Is 6313541 prime?
False
Is 716087 prime?
True
Is 77108527 a composite number?
False
Is 683293829 composite?
False
Is 344404159 a composite number?
True
Is 25098131 a composite number?
False
Is 23446999 prime?
True
Is 201567343 composite?
False
Is 16362253 composite?
False
Is 109420897 prime?
True
Is 6335618 a prime number?
False
Is 22541 a composite number?
False
Is 25557911 composite?
True
Is 308621 prime?
True
Is 330937339 a prime number?
True
Is 15974249 composite?
True
Is 7653137 prime?
False
Is 577103717 prime?
True
Is 75452141 composite?
False
Is 311852774 composite?
True
Is 445583 a prime number?
True
Is 6383549 prime?
True
Is 74652203 a composite number?
False
Is 2301581 composite?
False
Is 1642109 a prime number?
False
Is 809917 composite?
False
Is 9782173 prime?
True
Is 5780729 a composite number?
True
Is 111358697 a prime number?
True
Is 210039899 prime?
True
Is 11443441 composite?
False
Is 268237 composite?
False
Is 2374061 prime?
True
Is 18427477 prime?
True
Is 120870349 composite?
True
Is 22952087 a composite number?
True
Is 38895589 a composite number?
False
Is 893653765 a prime number?
False
Is 25798519 composite?
True
Is 1142027 a composite number?
True
Is 130199323 prime?
False
Is 7628713 a prime number?
False
Is 29883557 composite?
True
Is 38911813 composite?
False
Is 6638389 a prime number?
False
Is 184125817 a composite number?
False
Is 1971329 a composite number?
False
Is 237673 prime?
True
Is 19773401 a composite number?
False
Is 10207858 a composite number?
True
Is 2086853 prime?
True
Is 29998733 a prime number?
False
Is 6081073 a prime number?
True
Is 112483183 prime?
True
Is 14750987 composite?
False
Is 45398221 prime?
False
Is 255695389 a composite number?
False
Is 5998138 composite?
True
Is 3184529 a prime number?
True
Is 11761439 a prime number?
False
Is 240481 a prime number?
False
Is 2813761063 a prime number?
True
Is 23288677 composite?
True
Is 545141957 a composite number?
True
Is 6869803 composite?
False
Is 14091685 a composite number?
True
Is 552425447 a prime number?
False
Is 784307 prime?
True
Is 453048649 prime?
True
Is 217113263 a prime number?
True
Is 49059449 a composite number?
True
Is 3210679 prime?
False
Is 1974586 composite?
True
Is 89349439 a prime number?
False
Is 894037 composite?
False
Is 1088573 composite?
True
Is 17911461 a composite number?
True
Is 5486669 composite?
True
Is 144230341 a prime number?
True
Is 39406343 a composite number?
True
Is 183628715 composite?
True
Is 7081411 a prime number?
True
Is 11699841 prime?
False
Is 216294977 composite?
False
Is 6631693 a composite number?
False
Is 6468577 a prime number?
True
Is 1152149 a prime number?
True
Is 3135731 a composite number?
False
Is 15801271 a prime number?
True
Is 5189917 composite?
False
Is 12791033 prime?
True
Is 515973311 prime?
False
Is 84047 a composite number?
False
Is 109760063 a composite number?
True
Is 228145091 a prime number?
True
Is 101513761 prime?
True
Is 40329265 a prime number?
False
Is 11663683 a prime number?
False
Is 103255387 a prime number?
True
Is 4176839 a prime number?
False
Is 774283 composite?
False
Is 3610603 composite?
True
Is 63209683 composite?
True
Is 2109857 a prime number?
True
Is 38788757 a composite number?
True
Is 27061649 a composite number?
True
Is 4179559 a composite number?
True
Is 489359447 prime?
False
Is 24040759 composite?
False
Is 1105309 composite?
False
Is 65527199 a composite number?
False
Is 46637371 prime?
False
Is 39828287 a composite number?
False
Is 1847591 prime?
True
Is 2580073 a prime number?
False
Is 4382491 a composite number?
True
Is 67643853 composite?
True
Is 10309339 a prime number?
False
Is 18863987 a composite number?
False
Is 19400617 prime?
False
Is 11776643 composite?
False
Is 2558707 prime?
False
Is 16548469 a composite number?
True
Is 4222319 a composite number?
False
Is 37408307 composite?
False
Is 1933031 a composite number?
True
Is 94859 a prime number?
False
Is 358556831 a composite number?
True
Is 195310223 prime?
False
Is 12423401 a prime number?
True
Is 1053131 prime?
False
Is 40586053 composite?
True
Is 774198019 a prime number?
False
Is 271018841 prime?
True
Is 240845791 prime?
True
Is 20112905 a prime number?
False
Is 10494149 prime?
True
Is 360749 prime?
True
Is 99470827 prime?
True
Is 140663723 composite?
False
Is 1798367821 composite?
False
Is 23645669 prime?
True
Is 138459 a prime number?
False
Is 3892633 composite?
True
Is 9050837 a prime number?
False
Is 44912501 a prime number?
False
Is 84847871 a prime number?
True
Is 211261913 prime?
True
Is 1685413 a composite number?
True
Is 24781849 a prime number?
False
Is 1636163 composite?
True
Is 3785833 prime?
False
Is 999199 prime?
True
Is 30917697 a prime number?
False
Is 174046321 prime?
True
Is 29937965 composite?
True
Is 40587491 a composite number?
True
Is 43897607 prime?
False
Is 6450727 prime?
True
Is 551671 composite?
False
Is 96158723 a composite number?
False
Is 219933431 prime?
True
Is 5722293 a composite number?
True
Is 463980203 prime?
True
Is 766006781 composite?
False
Is 35800853 a composite number?
True
Is 13273727 a prime number?
False
Is 9710101 a prime number?
False
Is 7335427 a prime number?
False
Is 153167887 a composite number?
True
Is 6573761 prime?
False
Is 66093613 a composite number?
False
Is 19197713 composite?
True
Is 4000133 prime?
True
Is 243539294 prime?
False
Is 117955373 a prime number?
False
Is 872647 composite?
False
Is 15449639 prime?
False
Is 509083745 prime?
False
Is 7231303 prime?
False
Is 2862589 prime?
True
Is 2269703 a composite number?
True
Is 9612523 prime?
True
Is 2680231 pr